hat is the units digit of w(17)?
6
Let y(s) = s**3 + 16*s**2 - s + 18. Let z(x) = -7*x + 20. Let h be z(5). Let c be y(h). What is the tens digit of (5/((-15)/(-4)) + -1)*c?
8
Let v = 87 + -56. Let c = -39 + v. What is the units digit of -1 + (-258)/(-8) + (-6)/c?
2
Suppose 48 = -0*o + 4*o + 4*v, -2*v = -o + 15. Let y(z) = -o*z - 19 + 27*z + 5 - 7. What is the units digit of y(14)?
5
Let r = 31509 - -4073. What is the thousands digit of r?
5
What is the units digit of (1947 - 0)/((-4)/(-20))?
5
Let u(c) = -6*c - 45. Let h be u(-8). Suppose h*w - 23 = q, 4*w + q + q = 34. Suppose 208 + 888 = w*k. What is the tens digit of k?
3
Let f(z) = 2*z**2 - 13*z - 39. Let r be f(13). Let w = -90 + r. Suppose -k = -3*k + w. What is the tens digit of k?
2
Suppose -v = -n - 2*n + 1090, -n = -5*v - 354. Let a = n + 30. What is the hundreds digit of a?
3
Let l(v) = 8*v + 27. Let s be l(-3). Suppose -s*p - 11 = -1070. What is the hundreds digit of p?
3
Let c(s) = 6*s + 159. Let u be c(-26). Suppose 836 = 3*j + 4*x, -3*x - 461 = u*j - 1292. What is the units digit of j?
2
Let i = -88917 + 124711. What is the ten thousands digit of i?
3
Let v = 26771 + -18900. What is the thousands digit of v?
7
Let f(x) = 29*x**2 + 2*x + 4. Let w be f(-4). Let c = 968 - w. What is the units digit of c?
8
Suppose 14*r = 9*r - 2230. Let j = 903 + r. What is the hundreds digit of j?
4
Let p = 55 - 46. Suppose -5*m = -p*m. What is the units digit of -1 - -64 - 3/9*m?
3
Let i(d) = d**3 - 2*d**2 - 2*d + 12. Let y be i(0). Let h(w) = -3*w - 20 - 40 + y*w. What is the units digit of h(8)?
2
Let b(n) = -n**2 + 5*n - 16. Let j be b(9). Let p = 73 + j. Suppose -3*y - p = -10*y. What is the units digit of y?
3
Suppose 0 = -4*s - 12, -i + 3307 = 322*s - 319*s. What is the hundreds digit of i?
3
Suppose 22*n - 33*n + 3149 = -4023. What is the units digit of n?
2
Suppose -28*v = -208 - 72. Suppose x - 2*z - 744 = 868, -v = -5*z. What is the units digit of x?
6
Let h = 29429 - -36337. What is the thousands digit of h?
5
Let z be 13/((-39)/(-90)) + (9 - 11). Suppose z*u - 364 = 28. What is the tens digit of u?
1
Suppose 3*r = -4*i + 22536, 23*r + 2*i = 19*r + 30038. What is the thousands digit of r?
7
Suppose -71*n - 29*n = -14*n - 850540. What is the hundreds digit of n?
8
Suppose 27*o = 28*o. Let i be 2*4/16*o. What is the units digit of i/(-5) + 2 - -43?
5
Suppose 8*g + 15 = 3*g. Let t be g/(-2)*20/(-3). What is the hundreds digit of (t/12)/(12/(-48))*42?
1
Let k = -610 - -610. Suppose -2*a = -5*a + 4*f + 1477, -a + 5*f + 507 = k. What is the tens digit of a?
8
Let o be -5*(-186)/90*-123. Let y = -708 - o. What is the hundreds digit of y?
5
Let u = -126 - -161. Suppose u*l = 33*l + 148. What is the tens digit of l?
7
Let g = 54 + -46. What is the units digit of ((-785)/(-20) + 9)/(2/g)?
3
Let q = -14 + 6. Suppose -3*k + l + 640 = 0, -5*k - 47*l + 48*l + 1066 = 0. Let c = k - q. What is the hundreds digit of c?
2
Let u = 13936 + -11219. What is the tens digit of u?
1
Let p(z) be the first derivative of -2*z**2 + 29*z - 6. Let a = 152 - 161. What is the tens digit of p(a)?
6
Let o(m) = 5*m**3 + 5*m**2 - 29*m + 142. What is the thousands digit of o(6)?
1
What is the ten thousands digit of ((-930)/248)/((-3)/(-4))*34836/(-10)?
1
Suppose -2*w - 2*t + 28 = 3*w, -3*w + 32 = 5*t. Let s(g) = 9*g - 20 + 3 - w*g**3 + 9*g + 3*g**3 + 12*g**2. What is the tens digit of s(13)?
4
Let j(k) = k**2 + 3*k + 2. Let t be j(-3). Suppose -68 = t*r - 206. Suppose 6*g - r = 51. What is the tens digit of g?
2
Suppose 2*g - 16255 = -3*w, -2*g + 14*w - 19*w = -16265. What is the hundreds digit of g?
1
Suppose 0 = -2*b - 4*q - q - 1921, 3*q - 3907 = 4*b. What is the hundreds digit of (b - 1)/(-4 + 2/1)?
4
What is the tens digit of (-1 - 3 - (-63)/14)*28790/5?
7
Let p(w) = 7*w + 113. Let n be (-3696)/(-456) - 2/19. What is the tens digit of p(n)?
6
Let u = -90 + 94. Suppose -2*n - 4*x = -6*n + 824, u*n = -x + 799. What is the tens digit of n?
0
Suppose -114*h + 119*h = 57645. What is the thousands digit of h?
1
Let p(a) = -1341*a + 267. What is the tens digit of p(-2)?
4
Let z = 4681 - -2375. What is the tens digit of z?
5
Suppose 4*v - 6733 = -2*f + 23609, v - 4*f = 7581. What is the tens digit of v?
8
Let f(x) = 4*x**3 - 13*x**2 + 6*x + 80. What is the hundreds digit of f(11)?
8
Let c = -600 - -1050. Let b = c + -419. What is the tens digit of b?
3
Suppose -4*m = -10*m - 54. What is the hundreds digit of (-8)/(-6) - 2364/m?
2
What is the thousands digit of (-368)/644 - ((-102848)/7 - 0)?
4
Suppose 0 = -53*y + 325883 + 654338 - 77048. What is the thousands digit of y?
7
Let m be 4/((-4)/3) - (-6 - 1). Suppose -2*y = -2*j - 694, 732 = -m*y - 5*j + 2084. What is the hundreds digit of y?
3
Let s(d) = d + 401. Let y be s(0). What is the hundreds digit of -3 + y + -3 + (-39)/13?
3
Let c be 8/24*(3052 - 1). Suppose 207 = 3*k - c. What is the tens digit of k?
0
Suppose -12 = 4*v, 3*v - 19 = -y + 6*v. Let t(h) = 72*h - 43. What is the tens digit of t(y)?
7
Let p = 276 - 236. Suppose 6276 = -34*c + p*c. What is the tens digit of c?
4
Let m(w) = 0*w**2 - 12*w + 911 - w**2 - 918. Let t be m(-11). Suppose s + t*s - 146 = -2*a, -4*a + 292 = 4*s. What is the units digit of a?
3
Let s(y) = y**3 + 9*y**2 + 2*y - 9. Let k be 1*69 - 16/4. Let d be 12/54 + k/(-9). What is the units digit of s(d)?
5
Let g(i) = -6*i - 35. Let q be g(-7). What is the tens digit of 1608/q - ((-27)/21 + 1)?
3
Suppose -1268*x + 29322 = -1263*x - 25618. What is the ten thousands digit of x?
1
Let x(i) = 28*i**3 - 8*i**2 - 8*i - 2. Let l be x(-3). Let p = -73 - l. What is the tens digit of p?
3
Let v(r) = 75*r - 81. Suppose 78*g = 73*g + 20. What is the hundreds digit of v(g)?
2
What is the hundreds digit of 4191 + (-7)/(105/(-240))?
2
Let p be (-36)/(-5)*-5*(0 + -1). Suppose p*w = 48870 + 18954. What is the units digit of w?
4
Let y = 6313 - 11407. What is the tens digit of (-1)/(-5 - 25464/y)?
4
Let l = -30 + 20. Let v = -104 + 214. Let d = v + l. What is the hundreds digit of d?
1
Suppose -p - x + 22159 = 0, 25*x = 5*p + 20*x - 110815. What is the units digit of p?
1
Suppose -35*z + 225199 = 24159. What is the hundreds digit of z?
7
Let w be (-1)/(4 - 10101/2527). Let y = 883 + w. What is the hundreds digit of y?
5
Let o = 4041 - 2458. Let r = o + -1006. What is the units digit of r?
7
Let p(s) = 13*s - 11. Let f = 3 + 44. Let h = f + -42. What is the units digit of p(h)?
4
Let m = -1 + 15. Suppose -30 = 4*h - 2*w + m, -5*w - 30 = 4*h. Let r(u) = u**2 + u - 28. What is the tens digit of r(h)?
6
Let l(d) = 5*d + 4. Let a(r) = -5*r - 4. Let q(z) = 6*a(z) + 5*l(z). Let v be q(-5). Suppose -v + 8 = -o. What is the units digit of o?
3
Suppose 0 = 3*h + 12, -140 = 3*v - 0*v - 4*h. Let c = v - -151. What is the units digit of c?
9
Let r = 21384 + -13433. What is the hundreds digit of r?
9
Suppose -5*y - 4*w - 266 = 0, -w + 3*w + 52 = -y. Let b = y - -57. Suppose -b*v = -x + 79, 0 = v + 1 + 1. What is the units digit of x?
3
Suppose 29*w + 21027 = 5*b + 31*w, 5*b + 3*w = 21028. What is the hundreds digit of b?
2
Suppose -c - 10958 = 2*c + 2*x, 3657 = -c - 5*x. What is the thousands digit of 1*3 + c/(-14)*7?
1
Suppose 2*w - 8 = -18. What is the tens digit of 255 - ((-55)/w - 7)?
5
Let i(m) = m**3 + 10*m**2 - 19*m + 36. Let h be i(-19). Let f = -1653 - h. What is the units digit of f?
9
Let l(x) = -3*x**2 - 9*x - 26. Let i be l(-4). What is the tens digit of (-3)/(-2) - 2717/i?
7
Let x be 1127/2 - 2/4. Let h be (1309/(-121) - -11) + (-106)/(-22). Suppose 5*y + h*q - 1563 = -x, 5*y - 2*q = 979. What is the tens digit of y?
9
What is the tens digit of (-1*6)/((242/7150)/(-11))?
5
Let a(b) = -b**3 - 4*b**2 + 63*b - 13. Let k be a(6). What is the units digit of (151298/(-70) + (-3)/k)/(-2)?
1
Let k(l) = -l**3 - 11*l**2 - 2*l - 5. Let j be k(-11). Suppose -7 = 5*c - j. Suppose 0 = -2*i - c + 52. What is the tens digit of i?
2
Let k(j) = -4*j. Let f = 6 + -9. Let z be k(f). Suppose g + z = 4*g, g - 17 = -p. What is the units digit of p?
3
Suppose -19*u + 137006 - 25780 = 0. What is the tens digit of u?
5
Suppose 0 = 7*p + 559 - 1133. Suppose -p*z = -74*z - 1200. What is the units digit of z?
0
Let f be (1044/(-10))/(2/(-10)). Let b(y) = y**3 + 24*y**2 + 23*y. Let g be b(-2